
Calculate the highest common factor of 1725 and 69.
69
Calculate the highest common divisor of 47 and 11045.
47
Calculate the highest common factor of 105 and 3192.
21
What is the greatest common divisor of 4904 and 4?
4
Calculate the greatest common factor of 9 and 63.
9
What is the greatest common factor of 135 and 570?
15
What is the greatest common divisor of 58 and 58?
58
Calculate the highest common factor of 156 and 240.
12
What is the greatest common factor of 1207 and 17?
17
What is the greatest common factor of 384 and 864?
96
What is the highest common divisor of 667 and 69?
23
What is the highest common divisor of 65 and 40?
5
What is the greatest common divisor of 44 and 253?
11
What is the highest common factor of 33 and 12837?
33
What is the highest common factor of 1984 and 186?
62
What is the greatest common divisor of 270 and 150?
30
What is the greatest common factor of 27 and 117?
9
Calculate the greatest common divisor of 10285 and 55.
55
What is the highest common divisor of 752 and 16?
16
Calculate the highest common factor of 564 and 24.
12
What is the highest common factor of 660 and 121?
11
What is the highest common factor of 85 and 20?
5
What is the highest common divisor of 8 and 9304?
8
Calculate the highest common divisor of 19 and 171.
19
Calculate the highest common factor of 24 and 102.
6
Calculate the highest common factor of 156 and 234.
78
Calculate the greatest common factor of 12648 and 279.
93
What is the highest common divisor of 2736 and 76?
76
What is the greatest common factor of 473 and 172?
43
Calculate the greatest common factor of 3 and 399.
3
Calculate the greatest common factor of 63481 and 319.
319
Calculate the highest common divisor of 174 and 435.
87
What is the highest common divisor of 1 and 2?
1
Calculate the greatest common factor of 112 and 616.
56
What is the greatest common factor of 8096 and 44?
44
What is the greatest common divisor of 24 and 40?
8
Calculate the greatest common divisor of 56 and 192.
8
What is the greatest common factor of 638 and 66?
22
Calculate the greatest common factor of 117 and 26.
13
What is the highest common factor of 2401 and 49?
49
Calculate the highest common factor of 44 and 275.
11
What is the highest common factor of 323 and 34?
17
Calculate the greatest common factor of 120 and 19290.
30
What is the highest common factor of 91 and 21?
7
What is the highest common divisor of 1400 and 25?
25
Calculate the greatest common divisor of 55 and 341.
11
What is the greatest common factor of 1976 and 8?
8
What is the highest common divisor of 33 and 1221?
33
Calculate the highest common factor of 2 and 24.
2
What is the greatest common divisor of 520 and 80?
40
Calculate the greatest common divisor of 28 and 32.
4
What is the greatest common factor of 21 and 57?
3
What is the greatest common factor of 1320 and 3828?
132
What is the highest common divisor of 137 and 8?
1
What is the greatest common divisor of 159 and 7473?
159
Calculate the greatest common factor of 319 and 209.
11
What is the highest common divisor of 2318 and 122?
122
Calculate the greatest common factor of 1264 and 3555.
79
What is the highest common factor of 40 and 8?
8
Calculate the greatest common factor of 632 and 1106.
158
What is the highest common factor of 18209 and 262?
131
What is the greatest common factor of 45 and 3375?
45
Calculate the highest common factor of 672 and 240.
48
What is the greatest common factor of 308 and 392?
28
Calculate the highest common divisor of 7 and 13.
1
Calculate the highest common divisor of 240 and 84.
12
Calculate the greatest common factor of 19 and 95.
19
What is the greatest common divisor of 147396 and 12?
12
What is the highest common factor of 28658 and 356?
178
What is the greatest common factor of 77 and 22?
11
Calculate the highest common divisor of 12596 and 564.
188
What is the greatest common divisor of 153 and 9231?
51
Calculate the highest common factor of 9 and 66195.
9
Calculate the highest common divisor of 90 and 10.
10
What is the greatest common factor of 667 and 207?
23
Calculate the greatest common factor of 13 and 351.
13
What is the greatest common divisor of 33 and 957?
33
What is the greatest common factor of 1275 and 51?
51
What is the highest common divisor of 637 and 169?
13
What is the highest common factor of 68 and 3451?
17
Calculate the greatest common divisor of 2 and 14.
2
Calculate the greatest common factor of 33 and 28281.
33
Calculate the greatest common factor of 55 and 5775.
55
What is the greatest common divisor of 140 and 3710?
70
Calculate the highest common factor of 68 and 2176.
68
Calculate the highest common factor of 564 and 72.
12
What is the greatest common divisor of 180 and 9390?
30
Calculate the highest common factor of 3255 and 1575.
105
Calculate the greatest common divisor of 856 and 80.
8
Calculate the greatest common factor of 68 and 187.
17
Calculate the greatest common factor of 125 and 150.
25
What is the highest common divisor of 5 and 4805?
5
What is the greatest common factor of 28416 and 74?
74
Calculate the highest common factor of 68 and 238.
34
What is the greatest common factor of 1748 and 76?
76
Calculate the highest common factor of 1394 and 34.
34
What is the highest common divisor of 1188 and 162?
54
Calculate the greatest common divisor of 8 and 276.
4
What is the highest common divisor of 1219 and 414?
23
Calculate the highest common divisor of 297 and 11.
11
What is the highest common divisor of 736 and 46?
46
What is the greatest common divisor of 20 and 16?
4
Calculate the greatest common factor of 646 and 782.
34
What is the greatest common divisor of 40 and 112?
8
What is the highest common factor of 183 and 3?
3
What is the highest common divisor of 319 and 88?
11
What is the highest common divisor of 2331 and 21?
21
Calculate the greatest common factor of 448 and 126.
14
Calculate the highest common factor of 88 and 2321.
11
Calculate the highest common factor of 36 and 1.
1
Calculate the highest common factor of 416 and 39.
13
Calculate the greatest common factor of 340 and 2244.
68
What is the highest common factor of 5547 and 129?
129
Calculate the highest common divisor of 12875 and 25.
25
Calculate the greatest common factor of 36 and 5391.
9
What is the greatest common factor of 11778 and 156?
78
What is the highest common divisor of 24 and 1608?
24
What is the greatest common factor of 364 and 280?
28
What is the greatest common divisor of 6 and 102?
6
What is the highest common factor of 8 and 70?
2
What is the greatest common divisor of 2 and 80?
2
What is the greatest common factor of 128 and 4?
4
Calculate the greatest common divisor of 412 and 44.
4
What is the greatest common divisor of 56 and 520?
8
What is the greatest common divisor of 13 and 3809?
13
Calculate the highest common divisor of 218 and 54173.
109
What is the greatest common factor of 240 and 144?
48
Calculate the greatest common factor of 30 and 2955.
15
What is the highest common factor of 275 and 125?
25
Calculate the highest common divisor of 56 and 56.
56
What is the highest common divisor of 4 and 958?
2
What is the highest common divisor of 110 and 726?
22
Calculate the highest common factor of 9 and 27.
9
Calculate the greatest common factor of 4256 and 760.
152
Calculate the highest common factor of 107 and 4601.
107
What is the highest common divisor of 8 and 8?
8
What is the highest common factor of 1287 and 2002?
143
Calculate the highest common factor of 38 and 266.
38
What is the greatest common factor of 410 and 190?
10
What is the highest common divisor of 8 and 26?
2
Calculate the greatest common divisor of 2350 and 94.
94
What is the highest common divisor of 24426 and 138?
138
Calculate the highest common factor of 23941 and 1076.
269
Calculate the greatest common factor of 66 and 27786.
66
Calculate the greatest common divisor of 70 and 378.
14
What is the greatest common divisor of 1115 and 1338?
223
Calculate the greatest common factor of 13468 and 1820.
364
What is the greatest common divisor of 15 and 4665?
15
What is the highest common divisor of 1729 and 91?
91
Calculate the greatest common divisor of 14 and 6244.
14
Calculate the greatest common divisor 